e millions digit of 133910771?
3
What is the hundred thousands digit of 6517131?
5
What is the billions digit of 2316510934?
2
What is the millions digit of 65526647?
5
What is the ten millions digit of 48033357?
4
What is the billions digit of 1233649638?
1
What is the ten millions digit of 21771467?
2
What is the hundreds digit of 222768959?
9
What is the hundred millions digit of 598112847?
5
What is the units digit of 1269100414?
4
What is the hundred millions digit of 298183557?
2
What is the hundred millions digit of 128981161?
1
What is the units digit of 716553699?
9
What is the tens digit of 15709318?
1
What is the millions digit of 352540931?
2
What is the tens digit of 2766532433?
3
What is the hundreds digit of 333244471?
4
What is the hundred thousands digit of 81888616?
8
What is the thousands digit of 131456571?
6
What is the ten thousands digit of 15793212?
9
What is the ten thousands digit of 152222131?
2
What is the ten millions digit of 763291877?
6
What is the ten thousands digit of 18912092?
1
What is the ten thousands digit of 3540349440?
4
What is the hundred thousands digit of 251580891?
5
What is the hundreds digit of 392374683?
6
What is the ten thousands digit of 930878804?
7
What is the hundreds digit of 38819993?
9
What is the hundred millions digit of 319642989?
3
What is the ten thousands digit of 5528008035?
0
What is the ten millions digit of 51900441?
5
What is the tens digit of 21714584?
8
What is the ten thousands digit of 10788243?
8
What is the thousands digit of 1684594?
4
What is the ten thousands digit of 351506450?
0
What is the billions digit of 7480729763?
7
What is the tens digit of 737405094?
9
What is the ten millions digit of 568944292?
6
What is the units digit of 53357954?
4
What is the ten millions digit of 32921596?
3
What is the units digit of 1939356873?
3
What is the hundreds digit of 54059185?
1
What is the tens digit of 34706005?
0
What is the hundred thousands digit of 550448422?
4
What is the thousands digit of 3756426261?
6
What is the hundreds digit of 284059355?
3
What is the hundreds digit of 370984396?
3
What is the millions digit of 22575529?
2
What is the hundreds digit of 571354922?
9
What is the millions digit of 1273505404?
3
What is the ten thousands digit of 2073284374?
8
What is the thousands digit of 109462752?
2
What is the hundred millions digit of 1060300883?
0
What is the hundreds digit of 50874336?
3
What is the hundreds digit of 7560752?
7
What is the units digit of 987526322?
2
What is the thousands digit of 8445248?
5
What is the ten millions digit of 283451607?
8
What is the hundred thousands digit of 5139805260?
8
What is the ten thousands digit of 2699265494?
6
What is the ten thousands digit of 2304724372?
2
What is the ten thousands digit of 71835956?
3
What is the ten thousands digit of 884938099?
3
What is the ten millions digit of 1773231693?
7
What is the hundred thousands digit of 1349302224?
3
What is the tens digit of 51830259?
5
What is the millions digit of 41004015?
1
What is the hundred millions digit of 3191579427?
1
What is the tens digit of 35641416?
1
What is the thousands digit of 2397854847?
4
What is the hundred thousands digit of 1962877407?
8
What is the ten thousands digit of 551530448?
3
What is the millions digit of 30820568?
0
What is the billions digit of 1362085333?
1
What is the tens digit of 90661333?
3
What is the ten thousands digit of 231459768?
5
What is the millions digit of 2011498406?
1
What is the millions digit of 45019098?
5
What is the hundred thousands digit of 60857190?
8
What is the hundred thousands digit of 79380943?
3
What is the tens digit of 3331637634?
3
What is the thousands digit of 183389642?
9
What is the ten millions digit of 224060138?
2
What is the thousands digit of 414289927?
9
What is the hundred millions digit of 783471566?
7
What is the thousands digit of 103835178?
5
What is the tens digit of 1923056295?
9
What is the hundred thousands digit of 395564740?
5
What is the units digit of 256389411?
1
What is the tens digit of 340616731?
3
What is the ten millions digit of 2841744980?
4
What is the tens digit of 22243431?
3
What is the ten millions digit of 1934630356?
3
What is the thousands digit of 510414710?
4
What is the hundred millions digit of 853294891?
8
What is the thousands digit of 5949296?
9
What is the ten thousands digit of 2536846408?
4
What is the tens digit of 38331392?
9
What is the thousands digit of 57859735?
9
What is the hundred thousands digit of 24684300?
6
What is the thousands digit of 66266215?
6
What is the tens digit of 1356021622?
2
What is the thousands digit of 754785652?
5
What is the hundred thousands digit of 1423487421?
4
What is the hundred millions digit of 146587591?
1
What is the ten thousands digit of 6527269?
2
What is the hundred millions digit of 626597533?
6
What is the ten thousands digit of 65284881?
8
What is the ten millions digit of 205626443?
0
What is the units digit of 64763682?
2
What is the units digit of 135100080?
0
What is the hundreds digit of 17386585?
5
What is the hundred millions digit of 1203713066?
2
What is the thousands digit of 64634642?
4
What is the millions digit of 320491213?
0
What is the hundreds digit of 78843928?
9
What is the hundred thousands digit of 47440180?
4
What is the units digit of 70892585?
5
What is the hundred millions digit of 1136079740?
1
What is the thousands digit of 332641342?
1
What is the hundred millions digit of 664927511?
6
What is the hundred thousands digit of 89255701?
2
What is the units digit of 23787250?
0
What is the tens digit of 125391393?
9
What is the thousands digit of 548211645?
1
What is the thousands digit of 18704961?
4
What is the hundred millions digit of 144230365?
1
What is the ten thousands digit of 72751281?
5
What is the hundred thousands digit of 45309117?
3
What is the tens digit of 7856198?
9
What is the hundred thousands digit of 3268671743?
6
What is the ten thousands digit of 116282392?
8
What is the hundred thousands digit of 392891982?
8
What is the hundred millions digit of 778440456?
7
What is the thousands digit of 23897304?
7
What is the ten millions digit of 103839996?
0
What is the hundred millions digit of 254158117?
2
What is the thousands digit of 5719234466?
4
What is the thousands digit of 461110335?
0
What is the thousands digit of 1432500559?
0
What is the ten millions digit of 39438841?
3
What is the units digit of 1638687240?
0
What is the ten thousands digit of 475630052?
3
What is the hundred thousands digit of 164079989?
0
What is the tens digit of 194876214?
1
What is the hundred thousands digit of 203948397?
9
What is the ten millions digit of 151349422?
5
What is the hundred thousands digit of 501128348?
1
What is the ten millions digit of 824505587?
2
What is the hundred thousands digit of 78378219?
3
What is the tens digit of 77953567?
6
What is the units digit of 323769200?
0
What is the hundred thousands digit of 346443081?
4
What is the ten thousands digit of 875003326?
0
What is the units digit of 35086645?
5
What is the thousands digit of 777876521?
6
What is the millions digit of 2102554992?
2
What is the units digit of 840665824?
4
What is the hundred millions digit of 310805431?
3
What is the billions digit of 1410797083?
1
What is the millions digit of 289397208?
9
What is the millions digit of 36406258?
6
What is the hundreds digit of 4312087846?
8
What is the hundreds digit of 70273986?
9
What is the hundreds digit of 1768342634?
6
What is the billions digit of 2623381865?
2
What is the hundred millions digit of 466161700?
4
What is the thousands digit of 78344472?
4
What is the tens digit of 31284875?
7
What is the hundreds digit of 52263064?
0
What is the thousands digit of 83797610?
7
What is the units digit of 10679782?
2
What is the thousands digit of 154055332?
5
What is the ten thousands digit of 3011907712?
0
What is the ten millions digit of 358034327?
5
What is the ten millions digit of 153866161?
5
What is the units digit of 810751274?
4
What is the hundred thousands digit of 641822753?
8
What is the tens digit of 498681445?
4
What is the ten millions digit of 103133255?
0
What is the hundred millions digit of 121190672?
1
W